{"id":9,"date":"2017-08-25T18:53:00","date_gmt":"2017-08-25T16:53:00","guid":{"rendered":"http:\/\/cdsportadapte57.fr\/?page_id=9"},"modified":"2017-10-23T10:44:20","modified_gmt":"2017-10-23T08:44:20","slug":"contact","status":"publish","type":"page","link":"https:\/\/cdsportadapte57.fr\/?page_id=9","title":{"rendered":"Contact"},"content":{"rendered":"<p>Le Comit\u00e9 D\u00e9partemental de Moselle de Sport Adapt\u00e9 a \u00e9lu domicile \u00e0 la Maison D\u00e9partementale des Sports, Place de la biblioth\u00e8que \u00e0 Metz.<\/p>\n<p>Vous souhaitez contacter son pr\u00e9sident Jean-Marie Morainville :\u00a0<span style=\"font-size: 11pt;\"><a href=\"mailto:Jean-Marie.morainville@cdsportadapte57.fr\"><span lang=\"DE\" style=\"margin: 0px; font-family: 'Calibri','sans-serif';\"><span style=\"color: #000000;\">Jean-Marie.morainville@cdsportadapte57.fr<\/span><\/span><\/a><\/span><\/p>\n","protected":false},"excerpt":{"rendered":"<p>Le Comit\u00e9 D\u00e9partemental de Moselle de Sport Adapt\u00e9 a \u00e9lu domicile \u00e0 la Maison D\u00e9partementale des Sports, Place de la biblioth\u00e8que \u00e0 Metz. Vous souhaitez contacter son pr\u00e9sident Jean-Marie Morainville&hellip; <\/p>\n","protected":false},"author":1,"featured_media":4,"parent":0,"menu_order":0,"comment_status":"closed","ping_status":"closed","template":"","meta":{"_crdt_document":"","jetpack_post_was_ever_published":false,"footnotes":""},"class_list":["post-9","page","type-page","status-publish","has-post-thumbnail","hentry"],"jetpack_sharing_enabled":true,"jetpack_shortlink":"https:\/\/wp.me\/PasBZt-9","_links":{"self":[{"href":"https:\/\/cdsportadapte57.fr\/index.php?rest_route=\/wp\/v2\/pages\/9","targetHints":{"allow":["GET"]}}],"collection":[{"href":"https:\/\/cdsportadapte57.fr\/index.php?rest_route=\/wp\/v2\/pages"}],"about":[{"href":"https:\/\/cdsportadapte57.fr\/index.php?rest_route=\/wp\/v2\/types\/page"}],"author":[{"embeddable":true,"href":"https:\/\/cdsportadapte57.fr\/index.php?rest_route=\/wp\/v2\/users\/1"}],"replies":[{"embeddable":true,"href":"https:\/\/cdsportadapte57.fr\/index.php?rest_route=%2Fwp%2Fv2%2Fcomments&post=9"}],"version-history":[{"count":0,"href":"https:\/\/cdsportadapte57.fr\/index.php?rest_route=\/wp\/v2\/pages\/9\/revisions"}],"wp:featuredmedia":[{"embeddable":true,"href":"https:\/\/cdsportadapte57.fr\/index.php?rest_route=\/wp\/v2\/media\/4"}],"wp:attachment":[{"href":"https:\/\/cdsportadapte57.fr\/index.php?rest_route=%2Fwp%2Fv2%2Fmedia&parent=9"}],"curies":[{"name":"wp","href":"https:\/\/api.w.org\/{rel}","templated":true}]}}

<p>Le Comité Départemental de Moselle de Sport Adapté a élu domicile à la Maison Départementale des Sports, Place de la bibliothèque à Metz.</p>
<p>Vous souhaitez contacter son président Jean-Marie Morainville : <span style="font-size: 11pt;"><a href="mailto:Jean-Marie.morainville@cdsportadapte57.fr"><span lang="DE" style="margin: 0px; font-family: 'Calibri','sans-serif';"><span style="color: #000000;">Jean-Marie.morainville@cdsportadapte57.fr</span></span></a></span></p>

<p>Le Comité Départemental de Moselle de Sport Adapté a élu domicile à la Maison Départementale des Sports, Place de la bibliothèque à Metz. Vous souhaitez contacter son président Jean-Marie Morainville&hellip; </p>
